63.
3, 4721
List the prime factors of 5360.
2, 5, 67
List the prime factors of 33555.
3, 5, 2237
What are the prime factors of 8007?
3, 17, 157
List the prime factors of 113.
113
List the prime factors of 2787.
3, 929
What are the prime factors of 3908?
2, 977
List the prime factors of 21985.
5, 4397
List the prime factors of 84551.
84551
List the prime factors of 9510.
2, 3, 5, 317
What are the prime factors of 16595?
5, 3319
List the prime factors of 33417.
3, 47, 79
List the prime factors of 151.
151
List the prime factors of 4012.
2, 17, 59
What are the prime factors of 1858?
2, 929
List the prime factors of 1116.
2, 3, 31
What are the prime factors of 16192?
2, 11, 23
What are the prime factors of 508?
2, 127
What are the prime factors of 24307?
109, 223
List the prime factors of 17345.
5, 3469
List the prime factors of 38780.
2, 5, 7, 277
List the prime factors of 39660.
2, 3, 5, 661
List the prime factors of 2169.
3, 241
What are the prime factors of 3733?
3733
What are the prime factors of 46510?
2, 5, 4651
What are the prime factors of 3873?
3, 1291
What are the prime factors of 45?
3, 5
What are the prime factors of 132902?
2, 7, 11, 863
What are the prime factors of 805?
5, 7, 23
What are the prime factors of 6450?
2, 3, 5, 43
List the prime factors of 10991.
29, 379
List the prime factors of 2275.
5, 7, 13
What are the prime factors of 39755?
5, 7951
List the prime factors of 4332.
2, 3, 19
List the prime factors of 26.
2, 13
What are the prime factors of 16454?
2, 19, 433
What are the prime factors of 87367?
7, 1783
List the prime factors of 6256.
2, 17, 23
List the prime factors of 8.
2
What are the prime factors of 88823?
7, 12689
List the prime factors of 29809.
13, 2293
List the prime factors of 1105.
5, 13, 17
List the prime factors of 4003.
4003
List the prime factors of 2884.
2, 7, 103
What are the prime factors of 1049?
1049
List the prime factors of 9420.
2, 3, 5, 157
What are the prime factors of 1925?
5, 7, 11
What are the prime factors of 94124?
2, 23531
List the prime factors of 10392.
2, 3, 433
What are the prime factors of 2565?
3, 5, 19
List the prime factors of 733.
733
List the prime factors of 29296.
2, 1831
List the prime factors of 31219.
31219
What are the prime factors of 5104?
2, 11, 29
What are the prime factors of 33383?
7, 19, 251
List the prime factors of 941.
941
What are the prime factors of 17259?
3, 11, 523
List the prime factors of 12820.
2, 5, 641
List the prime factors of 1785.
3, 5, 7, 17
What are the prime factors of 121036?
2, 30259
What are the prime factors of 1258?
2, 17, 37
What are the prime factors of 9636?
2, 3, 11, 73
What are the prime factors of 1239?
3, 7, 59
What are the prime factors of 1149?
3, 383
List the prime factors of 1018.
2, 509
List the prime factors of 1307.
1307
What are the prime factors of 9724?
2, 11, 13, 17
What are the prime factors of 6361?
6361
List the prime factors of 2632.
2, 7, 47
List the prime factors of 113071.
7, 29, 557
What are the prime factors of 1104?
2, 3, 23
List the prime factors of 1725.
3, 5, 23
List the prime factors of 2128.
2, 7, 19
List the prime factors of 58.
2, 29
What are the prime factors of 38261?
38261
List the prime factors of 122106.
2, 3, 47, 433
What are the prime factors of 16413?
3, 5471
List the prime factors of 3505.
5, 701
List the prime factors of 9923.
9923
What are the prime factors of 9870?
2, 3, 5, 7, 47
What are the prime factors of 98494?
2, 11, 37
List the prime factors of 1266.
2, 3, 211
What are the prime factors of 5610?
2, 3, 5, 11, 17
List the prime factors of 2169.
3, 241
List the prime factors of 26150.
2, 5, 523
What are the prime factors of 31713?
3, 11, 31
List the prime factors of 7137.
3, 13, 61
What are the prime factors of 9629?
9629
What are the prime factors of 1195?
5, 239
List the prime factors of 13335.
3, 5, 7, 127
What are the prime factors of 27509?
27509
List the prime factors of 8274.
2, 3, 7, 197
What are the prime factors of 16097?
16097
What are the prime factors of 729?
3
What are the prime factors of 7860?
2, 3, 5, 131
What are the prime factors of 153?
3, 17
List the prime factors of 2348.
2, 587
List the prime factors of 95280.
2, 3, 5, 397
What are the prime factors of 3312?
2, 3, 23
What are the prime factors of 4269?
3, 1423
List the prime factors of 3648.
2, 3, 19
What are the prime factors of 449?
449
List the prime factors of 19914.
2, 3, 3319
List the prime factors of 900.
2, 3, 5
List the prime factors of 1591.
37, 43
List the prime factors of 1487.
1487
What are the prime factors of 491?
491
What are the prime factors of 526?
2, 263
List the prime factors of 14374.
2, 7187
List the prime factors of 47608.
2, 11, 541
List the prime factors of 20.
2, 5
What are the prime factors of 989?
23, 43
List the prime factors of 36084.
2, 3, 31, 97
List the prime factors of 1095.
3, 5, 73
What are the prime factors of 16150?
2, 5, 17, 19
What are the prime factors of 2110?
2, 5, 211
List the prime factors of 7100.
2, 5, 71
What are the prime factors of 3175?
5, 127
What are the prime factors of 760?
2, 5, 19
List the prime factors of 1903.
11, 173
What are the prime factors of 88021?
23, 43, 89
List the prime factors of 3277.
29, 113
List the prime factors of 797.
797
What are the prime factors of 1921?
17, 113
List the prime factors of 1364.
2, 11, 31
What are the prime factors of 1894?
2, 947
List the prime factors of 190382.
2, 95191
List the prime factors of 3336.
2, 3, 139
What are the prime factors of 1956?
2, 3, 163
What are the prime factors of 10995?
3, 5, 733
List the prime factors of 16726.
2, 8363
What are the prime factors of 4373?
4373
List the prime factors of 3789.
3, 421
List the prime factors of 1268.
2, 317
What are the prime factors of 27745?
5, 31, 179
What are the prime factors of 5343?
3, 13, 137
What are the prime factors of 26289?
3, 23, 127
List the prime factors of 31399.
17, 1847
What are the prime factors of 131761?
7, 2689
What are the prime factors of 2560?
2, 5
What are the prime factors of 16043?
61, 263
What are the prime factors of 7996?
2, 1999
List the prime factors of 37742.
2, 113, 167
What are the prime factors of 6686?
2, 3343
List the prime factors of 3427.
23, 149
What are the prime factors of 8493?
3, 19, 149
What are the prime factors of 111692?
2, 7, 3989
List the prime factors of 588.
2, 3, 7
List the prime factors of 14567.
7, 2081
What are the prime factors of 34668?
2, 3, 107
List the prime factors of 49651.
7, 41, 173
What are the prime factors of 38659?
67, 577
List the prime factors of 112.
2, 7
List the prime factors of 25758.
2, 3, 53
List the prime factors of 302.
2, 151
What are the prime factors of 143593?
143593
What are the prime factors of 1720?
2, 5, 43
List the prime factors of 150118.
2, 47, 1597
What are the prime factors of 314?
2, 157
What are the prime factors of 91699?
107, 857
List the prime factors of 6198.
2, 3, 1033
List the prime factors of 688.
2, 43
List the prime factors of 716.
2, 179
List the prime factors of 1164.
2, 3, 97
What are the prime factors of 6813?
3, 757
List the prime factors of 4594.
2, 2297
What are the prime factors of 2900?
2, 5, 29
List the prime factors of 25.
5
What are the prime factors of 141?
3, 47
List the prime factors of 5078.
2, 2539
What are the prime factors of 60745?
5, 12149
What are the prime factors of 123594?
2, 3, 20599
List the prime factors of 419.
419
List the prime factors of 29668.
2, 7417
What are the prime factors of 313?
313
List the prime factors of 9759.
3, 3253
List the prime factors of 112847.
7, 47
What are the prime factors of 2864?
2, 179
What are the prime factors of 365?
5, 73
List the prime factors of 1043.
7, 149
List the prime factors of 6669.
3, 13, 19
What are the prime factors of 196157?
13, 79, 191
What are the prime factors of 65280?
2, 3, 5, 17
What are the prime factors of 14776?
2, 1847
What are the prime factors of 1606?
2, 11, 73
What are the prime factors of 722?
2, 19
List the prime factors of 2107.
7, 43
List the prime factors of 18123.
3, 7, 863
What are the prime factors of 2723?
7, 389
List the prime factors of 1832.
2, 229
List the prime factors of 305.
5, 61
List the prime factors of 2849.
7, 11, 37
List the prime factors of 365.
5, 73